{"id":10044,"date":"2024-03-29T16:12:21","date_gmt":"2024-03-29T16:12:21","guid":{"rendered":"https:\/\/granit-world.pl\/?post_type=product&#038;p=10044"},"modified":"2024-06-23T16:52:59","modified_gmt":"2024-06-23T16:52:59","slug":"inne-granity","status":"publish","type":"product","link":"https:\/\/granit-world.pl\/index.php\/produkt\/inne-granity\/","title":{"rendered":"Inne granity"},"content":{"rendered":"<p>&#8222;Inne granity pod zam\u00f3wienie&#8221; to us\u0142uga, kt\u00f3ra zapewnia klientom mo\u017cliwo\u015b\u0107 wyboru spo\u015br\u00f3d szerokiej gamy r\u00f3\u017cnorodnych odmian granitu, dostosowanych do ich konkretnych potrzeb i preferencji. Dzi\u0119ki tej us\u0142udze klienci maj\u0105 mo\u017cliwo\u015b\u0107 wyboru spo\u015br\u00f3d r\u00f3\u017cnorodnych kolor\u00f3w, wzor\u00f3w, tekstur oraz pochodzenia granitu, aby stworzy\u0107 idealny materia\u0142 do swojego projektu.<\/p>\n","protected":false},"excerpt":{"rendered":"<p>Zamawiaj\u0105c &#8222;inne granity pod zam\u00f3wienie&#8221;, klienci mog\u0105 skonsultowa\u0107 si\u0119 z profesjonalnymi doradcami, kt\u00f3rzy pomog\u0105 im dopasowa\u0107 odpowiedni rodzaj granitu do ich konkretnych wymaga\u0144. Mog\u0105 wybiera\u0107 spo\u015br\u00f3d granit\u00f3w o r\u00f3\u017cnej twardo\u015bci, odporno\u015bci na \u015bcieranie, chropowato\u015bci powierzchni oraz innych parametr\u00f3w technicznych, aby zapewni\u0107 optymalne dopasowanie do swoich potrzeb.<\/p>\n","protected":false},"featured_media":10045,"template":"","meta":{"_acf_changed":false,"_kad_post_transparent":"","_kad_post_title":"","_kad_post_layout":"","_kad_post_sidebar_id":"","_kad_post_content_style":"","_kad_post_vertical_padding":"","_kad_post_feature":"","_kad_post_feature_position":"","_kad_post_header":false,"_kad_post_footer":false},"product_brand":[],"product_cat":[95,94],"product_tag":[92,93],"class_list":{"0":"post-10044","1":"product","2":"type-product","3":"status-publish","4":"has-post-thumbnail","6":"product_cat-parapety","7":"product_cat-blaty-granitowe","8":"product_tag-blaty-granitowe","9":"product_tag-parapety-granitowe","11":"first","12":"instock","13":"taxable","14":"shipping-taxable","15":"product-type-simple","16":"entry","17":"content-bg","18":"loop-entry"},"acf":[],"_links":{"self":[{"href":"https:\/\/granit-world.pl\/index.php\/wp-json\/wp\/v2\/product\/10044","targetHints":{"allow":["GET"]}}],"collection":[{"href":"https:\/\/granit-world.pl\/index.php\/wp-json\/wp\/v2\/product"}],"about":[{"href":"https:\/\/granit-world.pl\/index.php\/wp-json\/wp\/v2\/types\/product"}],"wp:featuredmedia":[{"embeddable":true,"href":"https:\/\/granit-world.pl\/index.php\/wp-json\/wp\/v2\/media\/10045"}],"wp:attachment":[{"href":"https:\/\/granit-world.pl\/index.php\/wp-json\/wp\/v2\/media?parent=10044"}],"wp:term":[{"taxonomy":"product_brand","embeddable":true,"href":"https:\/\/granit-world.pl\/index.php\/wp-json\/wp\/v2\/product_brand?post=10044"},{"taxonomy":"product_cat","embeddable":true,"href":"https:\/\/granit-world.pl\/index.php\/wp-json\/wp\/v2\/product_cat?post=10044"},{"taxonomy":"product_tag","embeddable":true,"href":"https:\/\/granit-world.pl\/index.php\/wp-json\/wp\/v2\/product_tag?post=10044"}],"curies":[{"name":"wp","href":"https:\/\/api.w.org\/{rel}","templated":true}]}}