{"id":4513,"date":"2019-02-06T15:50:54","date_gmt":"2019-02-06T15:50:54","guid":{"rendered":"https:\/\/wilmer.qodeinteractive.com\/?page_id=4513"},"modified":"2025-08-11T17:56:07","modified_gmt":"2025-08-11T17:56:07","slug":"sklep-granity","status":"publish","type":"page","link":"https:\/\/granit-world.pl\/index.php\/sklep-granity\/","title":{"rendered":"Sklep Internetowy"},"content":{"rendered":"<p><a itemprop=\"url\" href=\"https:\/\/granit-world.pl\/index.php\/produkt\/kostka4\/\"><br \/>\n\t\t\t\t\t\t<img loading=\"lazy\" width=\"281\" height=\"300\" src=\"https:\/\/granit-world.pl\/wp-content\/uploads\/2018\/12\/kostka-szara-281x300.jpeg\" alt=\"kostka granitowa szara strzegom\" decoding=\"async\" srcset=\"https:\/\/granit-world.pl\/wp-content\/uploads\/2018\/12\/kostka-szara-281x300.jpeg 281w, https:\/\/granit-world.pl\/wp-content\/uploads\/2018\/12\/kostka-szara.jpeg 320w\" sizes=\"auto, (max-width: 281px) 100vw, 281px\" \/>\t\t\t\t\t<\/a><br \/>\n\t\t\t\t<a href=\"https:\/\/granit-world.pl\/index.php\/kategoria-produktu\/kostka-granitowa\/\" rel=\"tag\">Kostka granitowa<\/a><\/p>\n<h5 itemprop=\"name\">\n\t<a itemprop=\"url\" href=\"https:\/\/granit-world.pl\/index.php\/produkt\/kostka4\/\"><br \/>\n\t\tKostka szara 4&#215;6 cm\t<\/a><br \/>\n<\/h5>\n<p>\t\t\t\t\t\t320,00&nbsp;&#122;&#322; <small>\/ 393,60&nbsp;&#122;&#322;<\/small><br \/>\n\t\t\t\t\t<a href=\"?add-to-cart=479\" target=\"_self\" data-product_id=\"479\" data-product_sku=\"01\" aria-label=\"Dodaj do koszyka: &bdquo;Kostka szara 4x6 cm&rdquo;\" rel=\"nofollow noopener\" data-quantity=\"1\">\tDodaj do koszyka\t<\/a><br \/>\n\t\t<a href=\"https:\/\/granit-world.pl\/index.php\/produkt\/kostka4\/\"><\/a><br \/>\n\t\t\t\t\t<a itemprop=\"url\" href=\"https:\/\/granit-world.pl\/index.php\/produkt\/szara7\/\"><br \/>\n\t\t\t\t\t\t<img loading=\"lazy\" width=\"281\" height=\"300\" src=\"https:\/\/granit-world.pl\/wp-content\/uploads\/2018\/12\/kostka-szara-281x300.jpeg\" alt=\"kostka granitowa szara strzegom\" decoding=\"async\" srcset=\"https:\/\/granit-world.pl\/wp-content\/uploads\/2018\/12\/kostka-szara-281x300.jpeg 281w, https:\/\/granit-world.pl\/wp-content\/uploads\/2018\/12\/kostka-szara.jpeg 320w\" sizes=\"auto, (max-width: 281px) 100vw, 281px\" \/>\t\t\t\t\t<\/a><br \/>\n\t\t\t\t<a href=\"https:\/\/granit-world.pl\/index.php\/kategoria-produktu\/kostka-granitowa\/\" rel=\"tag\">Kostka granitowa<\/a><\/p>\n<h5 itemprop=\"name\">\n\t<a itemprop=\"url\" href=\"https:\/\/granit-world.pl\/index.php\/produkt\/szara7\/\"><br \/>\n\t\tKostka szara 7&#215;9 cm\t<\/a><br \/>\n<\/h5>\n<p>\t\t\t\t\t\t320,00&nbsp;&#122;&#322; <small>\/ 393,60&nbsp;&#122;&#322;<\/small><br \/>\n\t\t\t\t\t<a href=\"?add-to-cart=486\" target=\"_self\" data-product_id=\"486\" data-product_sku=\"02\" aria-label=\"Dodaj do koszyka: &bdquo;Kostka szara 7x9 cm&rdquo;\" rel=\"nofollow noopener\" data-quantity=\"1\">\tDodaj do koszyka\t<\/a><br \/>\n\t\t<a href=\"https:\/\/granit-world.pl\/index.php\/produkt\/szara7\/\"><\/a><br \/>\n\t\t\t\t\t<a itemprop=\"url\" href=\"https:\/\/granit-world.pl\/index.php\/produkt\/szara10\/\"><br \/>\n\t\t\t\t\t\t<img loading=\"lazy\" width=\"281\" height=\"300\" src=\"https:\/\/granit-world.pl\/wp-content\/uploads\/2018\/12\/kostka-szara-281x300.jpeg\" alt=\"kostka granitowa szara strzegom\" decoding=\"async\" srcset=\"https:\/\/granit-world.pl\/wp-content\/uploads\/2018\/12\/kostka-szara-281x300.jpeg 281w, https:\/\/granit-world.pl\/wp-content\/uploads\/2018\/12\/kostka-szara.jpeg 320w\" sizes=\"auto, (max-width: 281px) 100vw, 281px\" \/>\t\t\t\t\t<\/a><br \/>\n\t\t\t\t<a href=\"https:\/\/granit-world.pl\/index.php\/kategoria-produktu\/kostka-granitowa\/\" rel=\"tag\">Kostka granitowa<\/a><\/p>\n<h5 itemprop=\"name\">\n\t<a itemprop=\"url\" href=\"https:\/\/granit-world.pl\/index.php\/produkt\/szara10\/\"><br \/>\n\t\tKostka szara 9&#215;11 cm\t<\/a><br \/>\n<\/h5>\n<p>\t\t\t\t\t\t320,00&nbsp;&#122;&#322; <small>\/ 393,60&nbsp;&#122;&#322;<\/small><br \/>\n\t\t\t\t\t<a href=\"?add-to-cart=492\" target=\"_self\" data-product_id=\"492\" data-product_sku=\"03\" aria-label=\"Dodaj do koszyka: &bdquo;Kostka szara 9x11 cm&rdquo;\" rel=\"nofollow noopener\" data-quantity=\"1\">\tDodaj do koszyka\t<\/a><br \/>\n\t\t<a href=\"https:\/\/granit-world.pl\/index.php\/produkt\/szara10\/\"><\/a><br \/>\n\t\t\t\t\t<a itemprop=\"url\" href=\"https:\/\/granit-world.pl\/index.php\/produkt\/kostka15\/\"><br \/>\n\t\t\t\t\t\t<img loading=\"lazy\" width=\"281\" height=\"300\" src=\"https:\/\/granit-world.pl\/wp-content\/uploads\/2018\/12\/kostka-szara-281x300.jpeg\" alt=\"kostka granitowa szara strzegom\" decoding=\"async\" srcset=\"https:\/\/granit-world.pl\/wp-content\/uploads\/2018\/12\/kostka-szara-281x300.jpeg 281w, https:\/\/granit-world.pl\/wp-content\/uploads\/2018\/12\/kostka-szara.jpeg 320w\" sizes=\"auto, (max-width: 281px) 100vw, 281px\" \/>\t\t\t\t\t<\/a><br \/>\n\t\t\t\t<a href=\"https:\/\/granit-world.pl\/index.php\/kategoria-produktu\/kostka-granitowa\/\" rel=\"tag\">Kostka granitowa<\/a><\/p>\n<h5 itemprop=\"name\">\n\t<a itemprop=\"url\" href=\"https:\/\/granit-world.pl\/index.php\/produkt\/kostka15\/\"><br \/>\n\t\tKostka szara 15&#215;17 cm\t<\/a><br \/>\n<\/h5>\n<p>\t\t\t\t\t\t320,00&nbsp;&#122;&#322; <small>\/ 393,60&nbsp;&#122;&#322;<\/small><br \/>\n\t\t\t\t\t<a href=\"?add-to-cart=504\" target=\"_self\" data-product_id=\"504\" data-product_sku=\"04\" aria-label=\"Dodaj do koszyka: &bdquo;Kostka szara 15x17 cm&rdquo;\" rel=\"nofollow noopener\" data-quantity=\"1\">\tDodaj do koszyka\t<\/a><br \/>\n\t\t<a href=\"https:\/\/granit-world.pl\/index.php\/produkt\/kostka15\/\"><\/a><br \/>\n\t\t\t\t\t<a itemprop=\"url\" href=\"https:\/\/granit-world.pl\/index.php\/produkt\/kost4\/\"><br \/>\n\t\t\t\t\t\t<img loading=\"lazy\" width=\"286\" height=\"300\" src=\"https:\/\/granit-world.pl\/wp-content\/uploads\/2018\/12\/kostka-ruda-286x300.jpeg\" alt=\"kostka granitowa szaro-ruda\" decoding=\"async\" srcset=\"https:\/\/granit-world.pl\/wp-content\/uploads\/2018\/12\/kostka-ruda-286x300.jpeg 286w, https:\/\/granit-world.pl\/wp-content\/uploads\/2018\/12\/kostka-ruda-768x805.jpeg 768w, https:\/\/granit-world.pl\/wp-content\/uploads\/2018\/12\/kostka-ruda-600x629.jpeg 600w, https:\/\/granit-world.pl\/wp-content\/uploads\/2018\/12\/kostka-ruda.jpeg 822w\" sizes=\"auto, (max-width: 286px) 100vw, 286px\" \/>\t\t\t\t\t<\/a><br \/>\n\t\t\t\t<a href=\"https:\/\/granit-world.pl\/index.php\/kategoria-produktu\/kostka-granitowa\/\" rel=\"tag\">Kostka granitowa<\/a><\/p>\n<h5 itemprop=\"name\">\n\t<a itemprop=\"url\" href=\"https:\/\/granit-world.pl\/index.php\/produkt\/kost4\/\"><br \/>\n\t\tKostka sz-ruda 4&#215;6 cm\t<\/a><br \/>\n<\/h5>\n<p>\t\t\t\t\t\t320,00&nbsp;&#122;&#322; <small>\/ 393,60&nbsp;&#122;&#322;<\/small><br \/>\n\t\t\t\t\t<a href=\"?add-to-cart=505\" target=\"_self\" data-product_id=\"505\" data-product_sku=\"05\" aria-label=\"Dodaj do koszyka: &bdquo;Kostka sz-ruda 4x6 cm&rdquo;\" rel=\"nofollow noopener\" data-quantity=\"1\">\tDodaj do koszyka\t<\/a><br \/>\n\t\t<a href=\"https:\/\/granit-world.pl\/index.php\/produkt\/kost4\/\"><\/a><br \/>\n\t\t\t\t\t<a itemprop=\"url\" href=\"https:\/\/granit-world.pl\/index.php\/produkt\/kost7\/\"><br \/>\n\t\t\t\t\t\t<img loading=\"lazy\" width=\"286\" height=\"300\" src=\"https:\/\/granit-world.pl\/wp-content\/uploads\/2018\/12\/kostka-ruda-286x300.jpeg\" alt=\"kostka granitowa szaro-ruda\" decoding=\"async\" srcset=\"https:\/\/granit-world.pl\/wp-content\/uploads\/2018\/12\/kostka-ruda-286x300.jpeg 286w, https:\/\/granit-world.pl\/wp-content\/uploads\/2018\/12\/kostka-ruda-768x805.jpeg 768w, https:\/\/granit-world.pl\/wp-content\/uploads\/2018\/12\/kostka-ruda-600x629.jpeg 600w, https:\/\/granit-world.pl\/wp-content\/uploads\/2018\/12\/kostka-ruda.jpeg 822w\" sizes=\"auto, (max-width: 286px) 100vw, 286px\" \/>\t\t\t\t\t<\/a><br \/>\n\t\t\t\t<a href=\"https:\/\/granit-world.pl\/index.php\/kategoria-produktu\/kostka-granitowa\/\" rel=\"tag\">Kostka granitowa<\/a><\/p>\n<h5 itemprop=\"name\">\n\t<a itemprop=\"url\" href=\"https:\/\/granit-world.pl\/index.php\/produkt\/kost7\/\"><br \/>\n\t\tKostka sz-ruda 7&#215;9 cm\t<\/a><br \/>\n<\/h5>\n<p>\t\t\t\t\t\t320,00&nbsp;&#122;&#322; <small>\/ 393,60&nbsp;&#122;&#322;<\/small><br \/>\n\t\t\t\t\t<a href=\"?add-to-cart=506\" target=\"_self\" data-product_id=\"506\" data-product_sku=\"06\" aria-label=\"Dodaj do koszyka: &bdquo;Kostka sz-ruda 7x9 cm&rdquo;\" rel=\"nofollow noopener\" data-quantity=\"1\">\tDodaj do koszyka\t<\/a><br \/>\n\t\t<a href=\"https:\/\/granit-world.pl\/index.php\/produkt\/kost7\/\"><\/a><br \/>\n\t\t\t\t\t<a itemprop=\"url\" href=\"https:\/\/granit-world.pl\/index.php\/produkt\/kost7-2\/\"><br \/>\n\t\t\t\t\t\t<img loading=\"lazy\" width=\"286\" height=\"300\" src=\"https:\/\/granit-world.pl\/wp-content\/uploads\/2018\/12\/kostka-ruda-286x300.jpeg\" alt=\"kostka granitowa szaro-ruda\" decoding=\"async\" srcset=\"https:\/\/granit-world.pl\/wp-content\/uploads\/2018\/12\/kostka-ruda-286x300.jpeg 286w, https:\/\/granit-world.pl\/wp-content\/uploads\/2018\/12\/kostka-ruda-768x805.jpeg 768w, https:\/\/granit-world.pl\/wp-content\/uploads\/2018\/12\/kostka-ruda-600x629.jpeg 600w, https:\/\/granit-world.pl\/wp-content\/uploads\/2018\/12\/kostka-ruda.jpeg 822w\" sizes=\"auto, (max-width: 286px) 100vw, 286px\" \/>\t\t\t\t\t<\/a><br \/>\n\t\t\t\t<a href=\"https:\/\/granit-world.pl\/index.php\/kategoria-produktu\/kostka-granitowa\/\" rel=\"tag\">Kostka granitowa<\/a><\/p>\n<h5 itemprop=\"name\">\n\t<a itemprop=\"url\" href=\"https:\/\/granit-world.pl\/index.php\/produkt\/kost7-2\/\"><br \/>\n\t\tKostka sz-ruda 9&#215;11 cm\t<\/a><br \/>\n<\/h5>\n<p>\t\t\t\t\t\t320,00&nbsp;&#122;&#322; <small>\/ 393,60&nbsp;&#122;&#322;<\/small><br \/>\n\t\t\t\t\t<a href=\"?add-to-cart=507\" target=\"_self\" data-product_id=\"507\" data-product_sku=\"07\" aria-label=\"Dodaj do koszyka: &bdquo;Kostka sz-ruda 9x11 cm&rdquo;\" rel=\"nofollow noopener\" data-quantity=\"1\">\tDodaj do koszyka\t<\/a><br \/>\n\t\t<a href=\"https:\/\/granit-world.pl\/index.php\/produkt\/kost7-2\/\"><\/a><br \/>\n\t\t\t\t\t<a itemprop=\"url\" href=\"https:\/\/granit-world.pl\/index.php\/produkt\/kost15\/\"><br \/>\n\t\t\t\t\t\t<img loading=\"lazy\" width=\"286\" height=\"300\" src=\"https:\/\/granit-world.pl\/wp-content\/uploads\/2018\/12\/kostka-ruda-286x300.jpeg\" alt=\"kostka granitowa szaro-ruda\" decoding=\"async\" srcset=\"https:\/\/granit-world.pl\/wp-content\/uploads\/2018\/12\/kostka-ruda-286x300.jpeg 286w, https:\/\/granit-world.pl\/wp-content\/uploads\/2018\/12\/kostka-ruda-768x805.jpeg 768w, https:\/\/granit-world.pl\/wp-content\/uploads\/2018\/12\/kostka-ruda-600x629.jpeg 600w, https:\/\/granit-world.pl\/wp-content\/uploads\/2018\/12\/kostka-ruda.jpeg 822w\" sizes=\"auto, (max-width: 286px) 100vw, 286px\" \/>\t\t\t\t\t<\/a><br \/>\n\t\t\t\t<a href=\"https:\/\/granit-world.pl\/index.php\/kategoria-produktu\/kostka-granitowa\/\" rel=\"tag\">Kostka granitowa<\/a><\/p>\n<h5 itemprop=\"name\">\n\t<a itemprop=\"url\" href=\"https:\/\/granit-world.pl\/index.php\/produkt\/kost15\/\"><br \/>\n\t\tKostka sz-ruda 15&#215;17\t<\/a><br \/>\n<\/h5>\n<p>\t\t\t\t\t\t320,00&nbsp;&#122;&#322; <small>\/ 393,60&nbsp;&#122;&#322;<\/small><br \/>\n\t\t\t\t\t<a href=\"?add-to-cart=508\" target=\"_self\" data-product_id=\"508\" data-product_sku=\"08\" aria-label=\"Dodaj do koszyka: &bdquo;Kostka sz-ruda 15x17&rdquo;\" rel=\"nofollow noopener\" data-quantity=\"1\">\tDodaj do koszyka\t<\/a><br \/>\n\t\t<a href=\"https:\/\/granit-world.pl\/index.php\/produkt\/kost15\/\"><\/a><br \/>\n\t\t\t\t\t<a itemprop=\"url\" href=\"https:\/\/granit-world.pl\/index.php\/produkt\/kos4\/\"><br \/>\n\t\t\t\t\t\t<img loading=\"lazy\" width=\"276\" height=\"300\" src=\"https:\/\/granit-world.pl\/wp-content\/uploads\/2018\/12\/kostka-zolta-276x300.jpeg\" alt=\"kostka granitowa zolta\" decoding=\"async\" srcset=\"https:\/\/granit-world.pl\/wp-content\/uploads\/2018\/12\/kostka-zolta-276x300.jpeg 276w, https:\/\/granit-world.pl\/wp-content\/uploads\/2018\/12\/kostka-zolta.jpeg 363w\" sizes=\"auto, (max-width: 276px) 100vw, 276px\" \/>\t\t\t\t\t<\/a><br \/>\n\t\t\t\t<a href=\"https:\/\/granit-world.pl\/index.php\/kategoria-produktu\/kostka-granitowa\/\" rel=\"tag\">Kostka granitowa<\/a><\/p>\n<h5 itemprop=\"name\">\n\t<a itemprop=\"url\" href=\"https:\/\/granit-world.pl\/index.php\/produkt\/kos4\/\"><br \/>\n\t\tKostka \u017c\u00f3\u0142ta 4&#215;6 cm\t<\/a><br \/>\n<\/h5>\n<p>\t\t\t\t\t\t600,00&nbsp;&#122;&#322; <small>\/ 738,00&nbsp;&#122;&#322;<\/small><br \/>\n\t\t\t\t\t<a href=\"?add-to-cart=509\" target=\"_self\" data-product_id=\"509\" data-product_sku=\"09\" aria-label=\"Dodaj do koszyka: &bdquo;Kostka \u017c\u00f3\u0142ta 4x6 cm&rdquo;\" rel=\"nofollow noopener\" data-quantity=\"1\">\tDodaj do koszyka\t<\/a><br \/>\n\t\t<a href=\"https:\/\/granit-world.pl\/index.php\/produkt\/kos4\/\"><\/a><br \/>\n\t\t\t\t\t<a itemprop=\"url\" href=\"https:\/\/granit-world.pl\/index.php\/produkt\/kos7\/\"><br \/>\n\t\t\t\t\t\t<img loading=\"lazy\" width=\"276\" height=\"300\" src=\"https:\/\/granit-world.pl\/wp-content\/uploads\/2018\/12\/kostka-zolta-276x300.jpeg\" alt=\"kostka granitowa zolta\" decoding=\"async\" srcset=\"https:\/\/granit-world.pl\/wp-content\/uploads\/2018\/12\/kostka-zolta-276x300.jpeg 276w, https:\/\/granit-world.pl\/wp-content\/uploads\/2018\/12\/kostka-zolta.jpeg 363w\" sizes=\"auto, (max-width: 276px) 100vw, 276px\" \/>\t\t\t\t\t<\/a><br \/>\n\t\t\t\t<a href=\"https:\/\/granit-world.pl\/index.php\/kategoria-produktu\/kostka-granitowa\/\" rel=\"tag\">Kostka granitowa<\/a><\/p>\n<h5 itemprop=\"name\">\n\t<a itemprop=\"url\" href=\"https:\/\/granit-world.pl\/index.php\/produkt\/kos7\/\"><br \/>\n\t\tKostka \u017c\u00f3\u0142ta 7&#215;9 cm\t<\/a><br \/>\n<\/h5>\n<p>\t\t\t\t\t\t600,00&nbsp;&#122;&#322; <small>\/ 738,00&nbsp;&#122;&#322;<\/small><br \/>\n\t\t\t\t\t<a href=\"?add-to-cart=510\" target=\"_self\" data-product_id=\"510\" data-product_sku=\"010\" aria-label=\"Dodaj do koszyka: &bdquo;Kostka \u017c\u00f3\u0142ta 7x9 cm&rdquo;\" rel=\"nofollow noopener\" data-quantity=\"1\">\tDodaj do koszyka\t<\/a><br \/>\n\t\t<a href=\"https:\/\/granit-world.pl\/index.php\/produkt\/kos7\/\"><\/a><br \/>\n\t\t\t\t\t<a itemprop=\"url\" href=\"https:\/\/granit-world.pl\/index.php\/produkt\/kos9\/\"><br \/>\n\t\t\t\t\t\t<img loading=\"lazy\" width=\"276\" height=\"300\" src=\"https:\/\/granit-world.pl\/wp-content\/uploads\/2018\/12\/kostka-zolta-276x300.jpeg\" alt=\"kostka granitowa zolta\" decoding=\"async\" srcset=\"https:\/\/granit-world.pl\/wp-content\/uploads\/2018\/12\/kostka-zolta-276x300.jpeg 276w, https:\/\/granit-world.pl\/wp-content\/uploads\/2018\/12\/kostka-zolta.jpeg 363w\" sizes=\"auto, (max-width: 276px) 100vw, 276px\" \/>\t\t\t\t\t<\/a><br \/>\n\t\t\t\t<a href=\"https:\/\/granit-world.pl\/index.php\/kategoria-produktu\/kostka-granitowa\/\" rel=\"tag\">Kostka granitowa<\/a><\/p>\n<h5 itemprop=\"name\">\n\t<a itemprop=\"url\" href=\"https:\/\/granit-world.pl\/index.php\/produkt\/kos9\/\"><br \/>\n\t\tKostka \u017c\u00f3\u0142ta 9&#215;11 cm\t<\/a><br \/>\n<\/h5>\n<p>\t\t\t\t\t\t600,00&nbsp;&#122;&#322; <small>\/ 738,00&nbsp;&#122;&#322;<\/small><br \/>\n\t\t\t\t\t<a href=\"?add-to-cart=511\" target=\"_self\" data-product_id=\"511\" data-product_sku=\"011\" aria-label=\"Dodaj do koszyka: &bdquo;Kostka \u017c\u00f3\u0142ta 9x11 cm&rdquo;\" rel=\"nofollow noopener\" data-quantity=\"1\">\tDodaj do koszyka\t<\/a><br \/>\n\t\t<a href=\"https:\/\/granit-world.pl\/index.php\/produkt\/kos9\/\"><\/a><br \/>\n\t\t\t\t\t<a itemprop=\"url\" href=\"https:\/\/granit-world.pl\/index.php\/produkt\/kos15\/\"><br \/>\n\t\t\t\t\t\t<img loading=\"lazy\" width=\"276\" height=\"300\" src=\"https:\/\/granit-world.pl\/wp-content\/uploads\/2018\/12\/kostka-zolta-276x300.jpeg\" alt=\"kostka granitowa zolta\" decoding=\"async\" srcset=\"https:\/\/granit-world.pl\/wp-content\/uploads\/2018\/12\/kostka-zolta-276x300.jpeg 276w, https:\/\/granit-world.pl\/wp-content\/uploads\/2018\/12\/kostka-zolta.jpeg 363w\" sizes=\"auto, (max-width: 276px) 100vw, 276px\" \/>\t\t\t\t\t<\/a><br \/>\n\t\t\t\t<a href=\"https:\/\/granit-world.pl\/index.php\/kategoria-produktu\/kostka-granitowa\/\" rel=\"tag\">Kostka granitowa<\/a><\/p>\n<h5 itemprop=\"name\">\n\t<a itemprop=\"url\" href=\"https:\/\/granit-world.pl\/index.php\/produkt\/kos15\/\"><br \/>\n\t\tKostka \u017c\u00f3\u0142ta 15&#215;17 cm\t<\/a><br \/>\n<\/h5>\n<p>\t\t\t\t\t\t600,00&nbsp;&#122;&#322; <small>\/ 738,00&nbsp;&#122;&#322;<\/small><br \/>\n\t\t\t\t\t<a href=\"?add-to-cart=512\" target=\"_self\" data-product_id=\"512\" data-product_sku=\"012\" aria-label=\"Dodaj do koszyka: &bdquo;Kostka \u017c\u00f3\u0142ta 15x17 cm&rdquo;\" rel=\"nofollow noopener\" data-quantity=\"1\">\tDodaj do koszyka\t<\/a><br \/>\n\t\t<a href=\"https:\/\/granit-world.pl\/index.php\/produkt\/kos15\/\"><\/a><br \/>\n\t\t\t\t\t<a itemprop=\"url\" href=\"https:\/\/granit-world.pl\/index.php\/produkt\/kostka-czerwona\/\"><br \/>\n\t\t\t\t\t\t<img loading=\"lazy\" width=\"296\" height=\"300\" src=\"https:\/\/granit-world.pl\/wp-content\/uploads\/2018\/12\/kostka-vanga-296x300.jpeg\" alt=\"kostka granitowa vanga\" decoding=\"async\" srcset=\"https:\/\/granit-world.pl\/wp-content\/uploads\/2018\/12\/kostka-vanga-296x300.jpeg 296w, https:\/\/granit-world.pl\/wp-content\/uploads\/2018\/12\/kostka-vanga-100x100.jpeg 100w, https:\/\/granit-world.pl\/wp-content\/uploads\/2018\/12\/kostka-vanga.jpeg 397w\" sizes=\"auto, (max-width: 296px) 100vw, 296px\" \/>\t\t\t\t\t<\/a><br \/>\n\t\t\t\t<a href=\"https:\/\/granit-world.pl\/index.php\/kategoria-produktu\/kostka-granitowa\/\" rel=\"tag\">Kostka granitowa<\/a><\/p>\n<h5 itemprop=\"name\">\n\t<a itemprop=\"url\" href=\"https:\/\/granit-world.pl\/index.php\/produkt\/kostka-czerwona\/\"><br \/>\n\t\tKostka VANGA 4&#215;6 cm\t<\/a><br \/>\n<\/h5>\n<p>\t\t\t\t\t\t850,00&nbsp;&#122;&#322; <small>\/ 1045,50&nbsp;&#122;&#322;<\/small><br \/>\n\t\t\t\t\t<a href=\"?add-to-cart=3372\" target=\"_self\" data-product_id=\"3372\" data-product_sku=\"013\" aria-label=\"Dodaj do koszyka: &bdquo;Kostka VANGA 4x6 cm&rdquo;\" rel=\"nofollow noopener\" data-quantity=\"1\">\tDodaj do koszyka\t<\/a><br \/>\n\t\t<a href=\"https:\/\/granit-world.pl\/index.php\/produkt\/kostka-czerwona\/\"><\/a><br \/>\n\t\t\t\t\t<a itemprop=\"url\" href=\"https:\/\/granit-world.pl\/index.php\/produkt\/kostka-czerwona-2\/\"><br \/>\n\t\t\t\t\t\t<img loading=\"lazy\" width=\"296\" height=\"300\" src=\"https:\/\/granit-world.pl\/wp-content\/uploads\/2018\/12\/kostka-vanga-296x300.jpeg\" alt=\"kostka granitowa vanga\" decoding=\"async\" srcset=\"https:\/\/granit-world.pl\/wp-content\/uploads\/2018\/12\/kostka-vanga-296x300.jpeg 296w, https:\/\/granit-world.pl\/wp-content\/uploads\/2018\/12\/kostka-vanga-100x100.jpeg 100w, https:\/\/granit-world.pl\/wp-content\/uploads\/2018\/12\/kostka-vanga.jpeg 397w\" sizes=\"auto, (max-width: 296px) 100vw, 296px\" \/>\t\t\t\t\t<\/a><br \/>\n\t\t\t\t<a href=\"https:\/\/granit-world.pl\/index.php\/kategoria-produktu\/kostka-granitowa\/\" rel=\"tag\">Kostka granitowa<\/a><\/p>\n<h5 itemprop=\"name\">\n\t<a itemprop=\"url\" href=\"https:\/\/granit-world.pl\/index.php\/produkt\/kostka-czerwona-2\/\"><br \/>\n\t\tKostka VANGA 7&#215;9 cm\t<\/a><br \/>\n<\/h5>\n<p>\t\t\t\t\t\t850,00&nbsp;&#122;&#322; <small>\/ 1045,50&nbsp;&#122;&#322;<\/small><br \/>\n\t\t\t\t\t<a href=\"?add-to-cart=513\" target=\"_self\" data-product_id=\"513\" data-product_sku=\"014\" aria-label=\"Dodaj do koszyka: &bdquo;Kostka VANGA 7x9 cm&rdquo;\" rel=\"nofollow noopener\" data-quantity=\"1\">\tDodaj do koszyka\t<\/a><br \/>\n\t\t<a href=\"https:\/\/granit-world.pl\/index.php\/produkt\/kostka-czerwona-2\/\"><\/a><br \/>\n\t\t\t\t\t<a itemprop=\"url\" href=\"https:\/\/granit-world.pl\/index.php\/produkt\/kostka-czerwona-3\/\"><br \/>\n\t\t\t\t\t\t<img loading=\"lazy\" width=\"296\" height=\"300\" src=\"https:\/\/granit-world.pl\/wp-content\/uploads\/2018\/12\/kostka-vanga-296x300.jpeg\" alt=\"kostka granitowa vanga\" decoding=\"async\" srcset=\"https:\/\/granit-world.pl\/wp-content\/uploads\/2018\/12\/kostka-vanga-296x300.jpeg 296w, https:\/\/granit-world.pl\/wp-content\/uploads\/2018\/12\/kostka-vanga-100x100.jpeg 100w, https:\/\/granit-world.pl\/wp-content\/uploads\/2018\/12\/kostka-vanga.jpeg 397w\" sizes=\"auto, (max-width: 296px) 100vw, 296px\" \/>\t\t\t\t\t<\/a><br \/>\n\t\t\t\t<a href=\"https:\/\/granit-world.pl\/index.php\/kategoria-produktu\/kostka-granitowa\/\" rel=\"tag\">Kostka granitowa<\/a><\/p>\n<h5 itemprop=\"name\">\n\t<a itemprop=\"url\" href=\"https:\/\/granit-world.pl\/index.php\/produkt\/kostka-czerwona-3\/\"><br \/>\n\t\tKostka VANGA 9&#215;11 cm\t<\/a><br \/>\n<\/h5>\n<p>\t\t\t\t\t\t850,00&nbsp;&#122;&#322; <small>\/ 1045,50&nbsp;&#122;&#322;<\/small><br \/>\n\t\t\t\t\t<a href=\"?add-to-cart=3374\" target=\"_self\" data-product_id=\"3374\" data-product_sku=\"015\" aria-label=\"Dodaj do koszyka: &bdquo;Kostka VANGA 9x11 cm&rdquo;\" rel=\"nofollow noopener\" data-quantity=\"1\">\tDodaj do koszyka\t<\/a><br \/>\n\t\t<a href=\"https:\/\/granit-world.pl\/index.php\/produkt\/kostka-czerwona-3\/\"><\/a><br \/>\n\t\t\t\t\t<a itemprop=\"url\" href=\"https:\/\/granit-world.pl\/index.php\/produkt\/kostka-vanga-15x17-cm\/\"><br \/>\n\t\t\t\t\t\t<img loading=\"lazy\" width=\"296\" height=\"300\" src=\"https:\/\/granit-world.pl\/wp-content\/uploads\/2018\/12\/kostka-vanga-296x300.jpeg\" alt=\"kostka granitowa vanga\" decoding=\"async\" srcset=\"https:\/\/granit-world.pl\/wp-content\/uploads\/2018\/12\/kostka-vanga-296x300.jpeg 296w, https:\/\/granit-world.pl\/wp-content\/uploads\/2018\/12\/kostka-vanga-100x100.jpeg 100w, https:\/\/granit-world.pl\/wp-content\/uploads\/2018\/12\/kostka-vanga.jpeg 397w\" sizes=\"auto, (max-width: 296px) 100vw, 296px\" \/>\t\t\t\t\t<\/a><br \/>\n\t\t\t\t<a href=\"https:\/\/granit-world.pl\/index.php\/kategoria-produktu\/kostka-granitowa\/\" rel=\"tag\">Kostka granitowa<\/a><\/p>\n<h5 itemprop=\"name\">\n\t<a itemprop=\"url\" href=\"https:\/\/granit-world.pl\/index.php\/produkt\/kostka-vanga-15x17-cm\/\"><br \/>\n\t\tKostka VANGA 15&#215;17\t<\/a><br \/>\n<\/h5>\n<p>\t\t\t\t\t\t850,00&nbsp;&#122;&#322; <small>\/ 1045,50&nbsp;&#122;&#322;<\/small><br \/>\n\t\t\t\t\t<a href=\"?add-to-cart=10004\" target=\"_self\" data-product_id=\"10004\" data-product_sku=\"016\" aria-label=\"Dodaj do koszyka: &bdquo;Kostka VANGA 15x17&rdquo;\" rel=\"nofollow noopener\" data-quantity=\"1\">\tDodaj do koszyka\t<\/a><br \/>\n\t\t<a href=\"https:\/\/granit-world.pl\/index.php\/produkt\/kostka-vanga-15x17-cm\/\"><\/a>\t<\/p>\n<nav role=\"navigation\" aria-label=\"Posts\">\n<h2>Posts navigation<\/h2>\n<p>\t\t\t\t1<br \/>\n<a href=\"https:\/\/granit-world.pl\/wp-admin\/admin-ajax.php\/index.php\/page\/2\/\">2<\/a><br \/>\n<a href=\"https:\/\/granit-world.pl\/wp-admin\/admin-ajax.php\/index.php\/page\/3\/\">3<\/a><br \/>\n&hellip;<br \/>\n<a href=\"https:\/\/granit-world.pl\/wp-admin\/admin-ajax.php\/index.php\/page\/6\/\">6<\/a><br \/>\n<a href=\"https:\/\/granit-world.pl\/wp-admin\/admin-ajax.php\/index.php\/page\/2\/\"><svg xmlns=\"http:\/\/www.w3.org\/2000\/svg\" x=\"0px\" y=\"0px\" viewBox=\"0 0 34.2 32.3\" xml:space=\"preserve\" style=\"stroke-width: 2;\"><line x1=\"0\" y1=\"16\" x2=\"33\" y2=\"16\"\/><line x1=\"17.3\" y1=\"0.7\" x2=\"33.2\" y2=\"16.5\"\/><line x1=\"17.3\" y1=\"31.6\" x2=\"33.5\" y2=\"15.4\"\/><\/svg><\/a><br \/>\n\t\t<\/nav>\n","protected":false},"excerpt":{"rendered":"<p>Kostka granitowa Kostka szara 4&#215;6 cm 320,00&nbsp;&#122;&#322; \/ 393,60&nbsp;&#122;&#322; Dodaj do koszyka Kostka granitowa Kostka szara 7&#215;9 cm 320,00&nbsp;&#122;&#322; \/ 393,60&nbsp;&#122;&#322; Dodaj do koszyka Kostka granitowa Kostka szara 9&#215;11 cm 320,00&nbsp;&#122;&#322; \/ 393,60&nbsp;&#122;&#322; Dodaj do koszyka Kostka granitowa Kostka szara 15&#215;17 cm 320,00&nbsp;&#122;&#322; \/ 393,60&nbsp;&#122;&#322; Dodaj do koszyka Kostka granitowa Kostka sz-ruda 4&#215;6 cm 320,00&nbsp;&#122;&#322;&#8230;<\/p>\n","protected":false},"author":8,"featured_media":0,"parent":0,"menu_order":0,"comment_status":"closed","ping_status":"closed","template":"","meta":{"_acf_changed":false,"_kad_post_transparent":"","_kad_post_title":"","_kad_post_layout":"","_kad_post_sidebar_id":"","_kad_post_content_style":"","_kad_post_vertical_padding":"","_kad_post_feature":"","_kad_post_feature_position":"","_kad_post_header":false,"_kad_post_footer":false,"footnotes":""},"class_list":["post-4513","page","type-page","status-publish","hentry"],"acf":[],"_links":{"self":[{"href":"https:\/\/granit-world.pl\/index.php\/wp-json\/wp\/v2\/pages\/4513","targetHints":{"allow":["GET"]}}],"collection":[{"href":"https:\/\/granit-world.pl\/index.php\/wp-json\/wp\/v2\/pages"}],"about":[{"href":"https:\/\/granit-world.pl\/index.php\/wp-json\/wp\/v2\/types\/page"}],"author":[{"embeddable":true,"href":"https:\/\/granit-world.pl\/index.php\/wp-json\/wp\/v2\/users\/8"}],"replies":[{"embeddable":true,"href":"https:\/\/granit-world.pl\/index.php\/wp-json\/wp\/v2\/comments?post=4513"}],"version-history":[{"count":4,"href":"https:\/\/granit-world.pl\/index.php\/wp-json\/wp\/v2\/pages\/4513\/revisions"}],"predecessor-version":[{"id":12246,"href":"https:\/\/granit-world.pl\/index.php\/wp-json\/wp\/v2\/pages\/4513\/revisions\/12246"}],"wp:attachment":[{"href":"https:\/\/granit-world.pl\/index.php\/wp-json\/wp\/v2\/media?parent=4513"}],"curies":[{"name":"wp","href":"https:\/\/api.w.org\/{rel}","templated":true}]}}