{"id":25,"date":"2018-12-05T12:44:22","date_gmt":"2018-12-05T12:44:22","guid":{"rendered":"https:\/\/wilmer.qodeinteractive.com\/?page_id=25"},"modified":"2025-08-21T20:45:30","modified_gmt":"2025-08-21T20:45:30","slug":"kamieniarstwo-budowlane","status":"publish","type":"page","link":"https:\/\/granit-world.pl\/","title":{"rendered":"Kostka granitowa schody granitowe kamie\u0144 murowy"},"content":{"rendered":"<h3>Nasze produkty<\/h3>\n<h5 style=\"font-size: 12px;\">4&#215;6, 7&#215;9. 9&#215;11, 15&#215;17 cm<\/h5>\n<h4 style=\"margin-top: -3px;\">Kostka granitowa \u0142upana i ci\u0119ta<\/h4>\n<p><a href=\"https:\/\/granit-world.pl\/index.php\/granitowa-kostka\/\" target=\"_self\" rel=\"noopener\"><br \/>\n<\/a><\/p>\n<h5 style=\"font-size: 12px;\">15&#215;30 cm i inne<\/h5>\n<h4 style=\"margin-top: -3px;\">Kraw\u0119\u017cniki granitowe<\/h4>\n<p><a href=\"https:\/\/granit-world.pl\/index.php\/elements\/krawezniki-granitowe\/\" target=\"_self\" rel=\"noopener\"><br \/>\n<\/a><\/p>\n<h5 style=\"font-size: 12px;\">10x20x40, 20x20x40 cm<\/h5>\n<h4 style=\"margin-top: -3px;\">Kamie\u0144 murowy \u0142upany i ci\u0119ty<\/h4>\n<p><a href=\"https:\/\/granit-world.pl\/index.php\/elements\/kamien\/\" target=\"_self\" rel=\"noopener\"><br \/>\n<\/a><\/p>\n<h5 style=\"font-size: 12px;\">Pod wymiar i kolor<\/h5>\n<h4 style=\"margin-top: -3px;\">Parapety i blaty granitowe<\/h4>\n<p><a href=\"https:\/\/granit-world.pl\/index.php\/parapety-granitowe\/\" target=\"_self\" rel=\"noopener\"><br \/>\n<\/a><\/p>\n<p><a href=\"https:\/\/granit-world.pl\/wp-content\/uploads\/2024\/04\/granit-dostawa.jpeg\" data-elementor-open-lightbox=\"yes\" data-elementor-lightbox-title=\"dostawa-granity\" data-elementor-lightbox-description=\"Dostawa elementow granitych\" data-e-action-hash=\"#elementor-action%3Aaction%3Dlightbox%26settings%3DeyJpZCI6MTA2MzUsInVybCI6Imh0dHA6XC9cL2dyYW5pdC13b3JsZC5wbFwvd3AtY29udGVudFwvdXBsb2Fkc1wvMjAyNFwvMDRcL2dyYW5pdC1kb3N0YXdhLmpwZWcifQ%3D%3D\"><br \/>\n<img loading=\"lazy\" decoding=\"async\" src=\"https:\/\/granit-world.pl\/wp-content\/uploads\/2024\/04\/granit-dostawa.jpeg\" sizes=\"auto, (max-width: 800px) 100vw, 800px\" srcset=\"https:\/\/granit-world.pl\/wp-content\/uploads\/2024\/04\/granit-dostawa.jpeg 800w, https:\/\/granit-world.pl\/wp-content\/uploads\/2024\/04\/granit-dostawa-300x200.jpeg 300w, https:\/\/granit-world.pl\/wp-content\/uploads\/2024\/04\/granit-dostawa-768x513.jpeg 768w, https:\/\/granit-world.pl\/wp-content\/uploads\/2024\/04\/granit-dostawa-600x401.jpeg 600w\" alt=\"schody granitow\" width=\"800\" height=\"534\" \/> <\/a><\/p>\n<h6>Zapewniamy transport wed\u0142ug potrzeb<\/h6>\n<h2>TRANSPORT<\/h2>\n<p style=\"margin-top: 20px;\">Oferujemy kompleksowy transport element\u00f3w granitowych. Nasz towar zazwyczaj spakowany jest na paletach lub w workach typu big-bag. Mo\u017cliwy jest te\u017c odbi\u00f3r osobisty.<\/p>\n<h5>Wywrotki 27 ton \u0142adowno\u015bci<\/h5>\n<h5>Plandeki 25 ton \u0142adowno\u015bci<\/h5>\n<h5>ci\u0119\u017car\u00f3wki mniejsze i kurierzy<\/h5>\n<p><a href=\"https:\/\/granit-world.pl\/index.php\/elements\/transport\/\" target=\"_self\" rel=\"noopener\"><br \/>\nZobacz wi\u0119cej<br \/>\n<\/a><\/p>\n<h2>bestsellery<\/h2>\n<p><img loading=\"lazy\" decoding=\"async\" src=\"https:\/\/granit-world.pl\/wp-content\/uploads\/2024\/02\/kostka-granitowa-szara-1.png\" sizes=\"auto, (max-width: 800px) 100vw, 800px\" srcset=\"https:\/\/granit-world.pl\/wp-content\/uploads\/2024\/02\/kostka-granitowa-szara-1.png 800w, https:\/\/granit-world.pl\/wp-content\/uploads\/2024\/02\/kostka-granitowa-szara-1-300x300.png 300w, https:\/\/granit-world.pl\/wp-content\/uploads\/2024\/02\/kostka-granitowa-szara-1-150x150.png 150w, https:\/\/granit-world.pl\/wp-content\/uploads\/2024\/02\/kostka-granitowa-szara-1-768x768.png 768w, https:\/\/granit-world.pl\/wp-content\/uploads\/2024\/02\/kostka-granitowa-szara-1-650x650.png 650w, https:\/\/granit-world.pl\/wp-content\/uploads\/2024\/02\/kostka-granitowa-szara-1-600x600.png 600w, https:\/\/granit-world.pl\/wp-content\/uploads\/2024\/02\/kostka-granitowa-szara-1-100x100.png 100w\" alt=\"kostka granitowa\" width=\"800\" height=\"800\" \/><br \/>\n<a href=\"https:\/\/granit-world.pl\/index.php\/granitowa-kostka\/\" target=\"_self\" rel=\"noopener\"><br \/>\n<img loading=\"lazy\" decoding=\"async\" src=\"https:\/\/granit-world.pl\/wp-content\/uploads\/2024\/02\/kostka-szara-2.jpeg\" alt=\"kostka granitowa strzegom\" width=\"140\" height=\"150\" \/> <\/a><\/p>\n<p>wymiary: 4&#215;6, 7&#215;9, 9&#215;11, 15&#215;17 cm<\/p>\n<h4 style=\"margin-top: -4px;\"><a href=\"https:\/\/granit-world.pl\/index.php\/granitowa-kostka\/\" target=\"_self\" rel=\"noopener\"><br \/>\nKOSTKA SZARA<br \/>\n<\/a><\/h4>\n<p style=\"margin-top: 14px;\">Kostka granitowa to wysokiej jako\u015bci materia\u0142 wykorzystywany do wyk\u0142adania nawierzchni chodnik\u00f3w, plac\u00f3w oraz alejek.<\/p>\n<p><img loading=\"lazy\" decoding=\"async\" src=\"https:\/\/granit-world.pl\/wp-content\/uploads\/2024\/02\/kostka-szaro-ruda.png\" sizes=\"auto, (max-width: 800px) 100vw, 800px\" srcset=\"https:\/\/granit-world.pl\/wp-content\/uploads\/2024\/02\/kostka-szaro-ruda.png 800w, https:\/\/granit-world.pl\/wp-content\/uploads\/2024\/02\/kostka-szaro-ruda-300x300.png 300w, https:\/\/granit-world.pl\/wp-content\/uploads\/2024\/02\/kostka-szaro-ruda-150x150.png 150w, https:\/\/granit-world.pl\/wp-content\/uploads\/2024\/02\/kostka-szaro-ruda-768x768.png 768w, https:\/\/granit-world.pl\/wp-content\/uploads\/2024\/02\/kostka-szaro-ruda-650x650.png 650w, https:\/\/granit-world.pl\/wp-content\/uploads\/2024\/02\/kostka-szaro-ruda-600x600.png 600w, https:\/\/granit-world.pl\/wp-content\/uploads\/2024\/02\/kostka-szaro-ruda-100x100.png 100w\" alt=\"kostka granitowa szaro-brazowa\" width=\"800\" height=\"800\" \/><br \/>\n<a href=\"https:\/\/granit-world.pl\/index.php\/elements\/kamien\/\" target=\"_self\" rel=\"noopener\"><br \/>\n<img loading=\"lazy\" decoding=\"async\" src=\"https:\/\/granit-world.pl\/wp-content\/uploads\/2024\/04\/kamien-murowy-2.png\" sizes=\"auto, (max-width: 350px) 100vw, 350px\" srcset=\"https:\/\/granit-world.pl\/wp-content\/uploads\/2024\/04\/kamien-murowy-2.png 350w, https:\/\/granit-world.pl\/wp-content\/uploads\/2024\/04\/kamien-murowy-2-300x188.png 300w\" alt=\"kamie\u0144 murowy\" width=\"350\" height=\"219\" \/> <\/a><\/p>\n<p>wymiary: 10x20x40, 20x20x40 cm<\/p>\n<h4 style=\"margin-top: -4px;\"><a href=\"https:\/\/granit-world.pl\/index.php\/elements\/kamien\/\" target=\"_self\" rel=\"noopener\"><br \/>\nKAMIE\u0143 MUROWY<br \/>\n<\/a><\/h4>\n<p style=\"margin-top: 14px;\">Wysokiej jako\u015bci materia\u0142 pochodz\u0105cy z okolic Strzegomia w Polsce, charakteryzuj\u0105cy si\u0119 trwa\u0142o\u015bci\u0105 i estetyk\u0105.<\/p>\n<p><img loading=\"lazy\" decoding=\"async\" src=\"https:\/\/granit-world.pl\/wp-content\/uploads\/2024\/04\/buce-mini-1.png\" sizes=\"auto, (max-width: 800px) 100vw, 800px\" srcset=\"https:\/\/granit-world.pl\/wp-content\/uploads\/2024\/04\/buce-mini-1.png 800w, https:\/\/granit-world.pl\/wp-content\/uploads\/2024\/04\/buce-mini-1-300x300.png 300w, https:\/\/granit-world.pl\/wp-content\/uploads\/2024\/04\/buce-mini-1-150x150.png 150w, https:\/\/granit-world.pl\/wp-content\/uploads\/2024\/04\/buce-mini-1-768x769.png 768w, https:\/\/granit-world.pl\/wp-content\/uploads\/2024\/04\/buce-mini-1-650x650.png 650w, https:\/\/granit-world.pl\/wp-content\/uploads\/2024\/04\/buce-mini-1-600x601.png 600w, https:\/\/granit-world.pl\/wp-content\/uploads\/2024\/04\/buce-mini-1-100x100.png 100w\" alt=\"buce granitowe\" width=\"800\" height=\"801\" \/><br \/>\n<a href=\"https:\/\/granit-world.pl\/index.php\/elements\/buce-granit\/\" target=\"_self\" rel=\"noopener\"><br \/>\n<img loading=\"lazy\" decoding=\"async\" src=\"https:\/\/granit-world.pl\/wp-content\/uploads\/2024\/04\/image-2.png\" sizes=\"auto, (max-width: 565px) 100vw, 565px\" srcset=\"https:\/\/granit-world.pl\/wp-content\/uploads\/2024\/04\/image-2.png 565w, https:\/\/granit-world.pl\/wp-content\/uploads\/2024\/04\/image-2-300x151.png 300w\" alt=\"kamie\u0144 murowy\" width=\"565\" height=\"284\" \/> <\/a><\/p>\n<p>WYMIARY: 30&#215;30, 40&#215;40, 50&#215;50 cm<\/p>\n<h4 style=\"margin-top: -4px;\"><a href=\"https:\/\/granit-world.pl\/index.php\/elements\/buce-granit\/\" target=\"_self\" rel=\"noopener\"><br \/>\nBUCE GRANITOWE<br \/>\n<\/a><\/h4>\n<p style=\"margin-top: 14px;\">Du\u017cych rozmiar\u00f3w kamienie, popularnie stosowane jako obrze\u017ca drogowe, elementy architektoniczne oraz surowiec budowlany.<\/p>\n<h2 style=\"color: #fff;\">Projekty<\/h2>\n<article><a href=\"https:\/\/granit-world.pl\/index.php\/portfolio-item\/elementy-granitowe-2\/\"><br \/>\n<img loading=\"lazy\" decoding=\"async\" src=\"https:\/\/granit-world.pl\/wp-content\/uploads\/2018\/06\/basen-z-granitu.jpg\" sizes=\"auto, (max-width: 800px) 100vw, 800px\" srcset=\"https:\/\/granit-world.pl\/wp-content\/uploads\/2018\/06\/basen-z-granitu.jpg 800w, https:\/\/granit-world.pl\/wp-content\/uploads\/2018\/06\/basen-z-granitu-300x225.jpg 300w, https:\/\/granit-world.pl\/wp-content\/uploads\/2018\/06\/basen-z-granitu-768x576.jpg 768w, https:\/\/granit-world.pl\/wp-content\/uploads\/2018\/06\/basen-z-granitu-600x450.jpg 600w\" alt=\"baseny granitowe\" width=\"800\" height=\"600\" \/><br \/>\n<\/a><\/p>\n<h6><a href=\"https:\/\/granit-world.pl\/index.php\/portfolio-category\/baseny\/\">Baseny<\/a><br \/>\n<a href=\"https:\/\/granit-world.pl\/index.php\/portfolio-category\/granity\/\">Granity<\/a><br \/>\n<a href=\"https:\/\/granit-world.pl\/index.php\/portfolio-category\/top\/\">top<\/a><\/h6>\n<h4>Elementy basenowe<\/h4>\n<p>2 pics<\/p>\n<p>Dzi\u0119ki swojej odporno\u015bci na \u015bcieranie i \u0142atwej piel\u0119gnacji, elementy basenowe z granitu s\u0105 doskona\u0142ym wyborem dla os\u00f3b ceni\u0105cych trwa\u0142o\u015b\u0107 i estetyk\u0119.<\/p>\n<\/article>\n<article><a href=\"https:\/\/granit-world.pl\/index.php\/portfolio-item\/bloki-granitowe\/\"><br \/>\n<img loading=\"lazy\" decoding=\"async\" src=\"https:\/\/granit-world.pl\/wp-content\/uploads\/2018\/12\/lawki-granitowe.jpg\" sizes=\"auto, (max-width: 1600px) 100vw, 1600px\" srcset=\"https:\/\/granit-world.pl\/wp-content\/uploads\/2018\/12\/lawki-granitowe.jpg 1600w, https:\/\/granit-world.pl\/wp-content\/uploads\/2018\/12\/lawki-granitowe-300x225.jpg 300w, https:\/\/granit-world.pl\/wp-content\/uploads\/2018\/12\/lawki-granitowe-1024x768.jpg 1024w, https:\/\/granit-world.pl\/wp-content\/uploads\/2018\/12\/lawki-granitowe-768x576.jpg 768w, https:\/\/granit-world.pl\/wp-content\/uploads\/2018\/12\/lawki-granitowe-1536x1152.jpg 1536w, https:\/\/granit-world.pl\/wp-content\/uploads\/2018\/12\/lawki-granitowe-600x450.jpg 600w\" alt=\"\u0142awki granitowe\" width=\"1600\" height=\"1200\" \/><br \/>\n<\/a><\/p>\n<h6><a href=\"https:\/\/granit-world.pl\/index.php\/portfolio-category\/architektura\/\">Architektura<\/a><br \/>\n<a href=\"https:\/\/granit-world.pl\/index.php\/portfolio-category\/granity\/\">Granity<\/a><br \/>\n<a href=\"https:\/\/granit-world.pl\/index.php\/portfolio-category\/top\/\">top<\/a><\/h6>\n<h4>\u0141awki granitowe<\/h4>\n<p>2 pics<\/p>\n<p>\u0141awki granitowe to eleganckie, trwa\u0142e i funkcjonalne siedziska, wykonane z wysokiej jako\u015bci granitu, doskona\u0142e do u\u017cytku na zewn\u0105trz.<\/p>\n<\/article>\n<article><a href=\"https:\/\/granit-world.pl\/index.php\/portfolio-item\/blokowe-stopnie\/\"><br \/>\n<img loading=\"lazy\" decoding=\"async\" src=\"https:\/\/granit-world.pl\/wp-content\/uploads\/2018\/12\/schody-ogrodowe-1.jpg\" sizes=\"auto, (max-width: 640px) 100vw, 640px\" srcset=\"https:\/\/granit-world.pl\/wp-content\/uploads\/2018\/12\/schody-ogrodowe-1.jpg 640w, https:\/\/granit-world.pl\/wp-content\/uploads\/2018\/12\/schody-ogrodowe-1-300x225.jpg 300w, https:\/\/granit-world.pl\/wp-content\/uploads\/2018\/12\/schody-ogrodowe-1-600x450.jpg 600w\" alt=\"schody granitowe\" width=\"640\" height=\"480\" \/><br \/>\n<\/a><\/p>\n<h6><a href=\"https:\/\/granit-world.pl\/index.php\/portfolio-category\/architektura\/\">Architektura<\/a><br \/>\n<a href=\"https:\/\/granit-world.pl\/index.php\/portfolio-category\/granity\/\">Granity<\/a><br \/>\n<a href=\"https:\/\/granit-world.pl\/index.php\/portfolio-category\/top\/\">top<\/a><\/h6>\n<h4>Granitowe stopnie blokowe<\/h4>\n<p>2 pics<\/p>\n<p>Granitowe stopnie blokowe to solidne i estetyczne elementy wykorzystywane w budownictwie do budowy schod\u00f3w zewn\u0119trznych i wewn\u0119trznych.<\/p>\n<\/article>\n<article><a href=\"https:\/\/granit-world.pl\/index.php\/portfolio-item\/plyty-granitowe\/\"><br \/>\n<img loading=\"lazy\" decoding=\"async\" src=\"https:\/\/granit-world.pl\/wp-content\/uploads\/2018\/12\/granit-posadzka.jpg\" sizes=\"auto, (max-width: 1024px) 100vw, 1024px\" srcset=\"https:\/\/granit-world.pl\/wp-content\/uploads\/2018\/12\/granit-posadzka.jpg 1024w, https:\/\/granit-world.pl\/wp-content\/uploads\/2018\/12\/granit-posadzka-300x225.jpg 300w, https:\/\/granit-world.pl\/wp-content\/uploads\/2018\/12\/granit-posadzka-768x576.jpg 768w, https:\/\/granit-world.pl\/wp-content\/uploads\/2018\/12\/granit-posadzka-600x450.jpg 600w\" alt=\"granit taras\" width=\"1024\" height=\"768\" \/><br \/>\n<\/a><\/p>\n<h6><a href=\"https:\/\/granit-world.pl\/index.php\/portfolio-category\/granity\/\">Granity<\/a><br \/>\n<a href=\"https:\/\/granit-world.pl\/index.php\/portfolio-category\/ogrod\/\">Ogr\u00f3d<\/a><br \/>\n<a href=\"https:\/\/granit-world.pl\/index.php\/portfolio-category\/top\/\">top<\/a><\/h6>\n<h4>P\u0142yty granitowe<\/h4>\n<p>2 pics<\/p>\n<p>P\u0142yty granitowe tarasowe to trwa\u0142e i estetyczne rozwi\u0105zanie stosowane do wyko\u0144czenia taras\u00f3w, patio i innych przestrzeni zewn\u0119trznych.<\/p>\n<\/article>\n<article><a href=\"https:\/\/granit-world.pl\/index.php\/portfolio-item\/kostka-strzegomska\/\"><br \/>\n<img loading=\"lazy\" decoding=\"async\" src=\"https:\/\/granit-world.pl\/wp-content\/uploads\/2019\/01\/kostka-lupana-1.jpg\" sizes=\"auto, (max-width: 640px) 100vw, 640px\" srcset=\"https:\/\/granit-world.pl\/wp-content\/uploads\/2019\/01\/kostka-lupana-1.jpg 640w, https:\/\/granit-world.pl\/wp-content\/uploads\/2019\/01\/kostka-lupana-1-300x225.jpg 300w, https:\/\/granit-world.pl\/wp-content\/uploads\/2019\/01\/kostka-lupana-1-600x450.jpg 600w\" alt=\"kostka granitowa 7x9 cm\" width=\"640\" height=\"480\" \/><br \/>\n<\/a><\/p>\n<h6><a href=\"https:\/\/granit-world.pl\/index.php\/portfolio-category\/granity\/\">Granity<\/a><br \/>\n<a href=\"https:\/\/granit-world.pl\/index.php\/portfolio-category\/ogrod\/\">Ogr\u00f3d<\/a><br \/>\n<a href=\"https:\/\/granit-world.pl\/index.php\/portfolio-category\/top\/\">top<\/a><\/h6>\n<h4>Kostka granitowa szara<\/h4>\n<p>2 pics<\/p>\n<p>Kostka granitowa szara to trwa\u0142y i estetyczny materia\u0142 u\u017cywany do wyk\u0142adania nawierzchni drogowych, chodnik\u00f3w, taras\u00f3w oraz innych powierzchni u\u017cytkowych.<\/p>\n<\/article>\n<p><img decoding=\"async\" src=\"https:\/\/granit-world.pl\/wp-content\/uploads\/2024\/04\/cnc-manufacturer-2.png\" alt=\"cnc-maszyny\" \/><br \/>\n<img decoding=\"async\" src=\"https:\/\/granit-world.pl\/wp-content\/uploads\/2024\/04\/cnc-manufacturer-2.png\" alt=\"cnc-maszyny\" \/><br \/>\n<img decoding=\"async\" src=\"https:\/\/granit-world.pl\/wp-content\/uploads\/2024\/04\/eco-friendly.png\" alt=\"eco-friendly\" \/><br \/>\n<img decoding=\"async\" src=\"https:\/\/granit-world.pl\/wp-content\/uploads\/2024\/04\/eco-friendly.png\" alt=\"eco-friendly\" \/><br \/>\n<img decoding=\"async\" src=\"https:\/\/granit-world.pl\/wp-content\/uploads\/2024\/04\/europe-made.png\" alt=\"made-in-europe\" \/><br \/>\n<img decoding=\"async\" src=\"https:\/\/granit-world.pl\/wp-content\/uploads\/2024\/04\/europe-made.png\" alt=\"made-in-europe\" \/><br \/>\n<img decoding=\"async\" src=\"https:\/\/granit-world.pl\/wp-content\/uploads\/2024\/04\/logo-din.png\" alt=\"din\" \/><br \/>\n<img decoding=\"async\" src=\"https:\/\/granit-world.pl\/wp-content\/uploads\/2024\/04\/logo-din.png\" alt=\"din\" \/><br \/>\n<img decoding=\"async\" src=\"https:\/\/granit-world.pl\/wp-content\/uploads\/2024\/04\/ce-eu-1.png\" alt=\"ce-certyfikat\" \/><br \/>\n<img decoding=\"async\" src=\"https:\/\/granit-world.pl\/wp-content\/uploads\/2024\/04\/ce-eu-1.png\" alt=\"ce-certyfikat\" \/><\/p>\n<h6 style=\"color: #ffffff;\">GRANIT WORLD<\/h6>\n<h2 style=\"color: #ffffff;\">Kruszywa granitowe<\/h2>\n<p style=\"color: #ffffff;\">Pochodz\u0105ce z jednego z najbardziej renomowanych region\u00f3w wydobycia granitu w Polsce, nasze kruszywa charakteryzuj\u0105 si\u0119 trwa\u0142o\u015bci\u0105, odporno\u015bci\u0105 na warunki atmosferyczne oraz estetycznym wygl\u0105dem.<\/p>\n<p><a style=\"color: #f86b24; background-color: #ffffff; border-color: #FFFFFF;\" href=\"https:\/\/granit-world.pl\/index.php\/kruszywa-szare\/\" target=\"_self\" rel=\"noopener\" data-hover-color=\"#F86B24\"><br \/>\nZOBACZ OFERT\u0118<br \/>\n<\/a><br \/>\n<img loading=\"lazy\" decoding=\"async\" src=\"https:\/\/granit-world.pl\/wp-content\/uploads\/2024\/04\/projekt-granity.jpg\" sizes=\"auto, (max-width: 800px) 100vw, 800px\" srcset=\"https:\/\/granit-world.pl\/wp-content\/uploads\/2024\/04\/projekt-granity.jpg 800w, https:\/\/granit-world.pl\/wp-content\/uploads\/2024\/04\/projekt-granity-300x210.jpg 300w, https:\/\/granit-world.pl\/wp-content\/uploads\/2024\/04\/projekt-granity-768x538.jpg 768w, https:\/\/granit-world.pl\/wp-content\/uploads\/2024\/04\/projekt-granity-600x420.jpg 600w\" alt=\"projektowanie granit\u00f3w\" width=\"800\" height=\"560\" \/><\/p>\n<h4>\u015aredni czas realizacji<\/h4>\n<p>Dzi\u0119ki naszej logistyce i efektywnemu procesowi produkcji jeste\u015bmy w stanie zapewni\u0107 szybk\u0105 i terminow\u0105 dostaw\u0119 materia\u0142\u00f3w &#8211; oko\u0142o 14 dni.<\/p>\n<h4>Czy granit jest trwa\u0142y?<\/h4>\n<p>Tak, granit strzegomski jest uznawany za bardzo trwa\u0142y materia\u0142. Jest to odmiana granitu pochodz\u0105ca z kamienio\u0142om\u00f3w w rejonie Strzegomia w Polsce, znana z wyj\u0105tkowej twardo\u015bci, g\u0119sto\u015bci i odporno\u015bci na warunki atmosferyczne.<\/p>\n<h4>Waga granitu<\/h4>\n<p><b>Granit<\/b>\u00a0jest ci\u0119\u017cki i wymaga odpowiedniego sprz\u0119tu lub zasob\u00f3w ludzkich aby roz\u0142adowa\u0107 towar przy dostawie. Sprawd\u017a wag\u0119 towar\u00f3w przed ich dostarczeniem, aby\u015b by\u0142 odpowiednio przygotowany.<\/p>\n<h4>Rozmiary kostki granitowej<\/h4>\n<p>Najpopularniejsze wymiary kostki granitowej mog\u0105 si\u0119 r\u00f3\u017cni\u0107 w zale\u017cno\u015bci od regionu i preferencji klienta, ale typowe wymiary to: 4&#215;6 cm, 7&#215;9 cm, 9&#215;11 cm oraz 15&#215;17 cm.<\/p>\n<h2 style=\"color: #fff;\">Ostatnie wpisy<\/h2>\n<p><a style=\"color: #ffffff;\" href=\"#\" target=\"_self\" rel=\"noopener\" data-hover-color=\"#FFFFFF\"><br \/>\nzobacz wszystkie<br \/>\n<\/a><\/p>\n<ul>\n<li><a title=\"Jak my\u0107 kamie\u0144\" href=\"https:\/\/granit-world.pl\/index.php\/2024\/03\/16\/kamien-mycie\/\"><br \/>\n<img loading=\"lazy\" decoding=\"async\" src=\"https:\/\/granit-world.pl\/wp-content\/uploads\/2018\/12\/schody-ogrodowe-1.jpg\" sizes=\"auto, (max-width: 640px) 100vw, 640px\" srcset=\"https:\/\/granit-world.pl\/wp-content\/uploads\/2018\/12\/schody-ogrodowe-1.jpg 640w, https:\/\/granit-world.pl\/wp-content\/uploads\/2018\/12\/schody-ogrodowe-1-300x225.jpg 300w, https:\/\/granit-world.pl\/wp-content\/uploads\/2018\/12\/schody-ogrodowe-1-600x450.jpg 600w\" alt=\"schody granitowe\" width=\"640\" height=\"480\" \/> <\/a><\/p>\n<p><a href=\"https:\/\/granit-world.pl\/index.php\/2024\/03\/\"><br \/>\n16 marca, 2024 <\/a><\/p>\n<h4><a title=\"Jak my\u0107 kamie\u0144\" href=\"https:\/\/granit-world.pl\/index.php\/2024\/03\/16\/kamien-mycie\/\"><br \/>\nJak my\u0107 kamie\u0144 <\/a><\/h4>\n<p><a href=\"https:\/\/granit-world.pl\/index.php\/2024\/03\/16\/kamien-mycie\/\" target=\"_self\" rel=\"noopener\"> Read More <\/a><\/li>\n<li><a title=\"Zalety kostki granitowej\" href=\"https:\/\/granit-world.pl\/index.php\/2024\/03\/21\/kostka-granitowa-zalety-2\/\"><br \/>\n<img loading=\"lazy\" decoding=\"async\" src=\"https:\/\/granit-world.pl\/wp-content\/uploads\/2019\/01\/kostka-ukladanie.jpg\" sizes=\"auto, (max-width: 1600px) 100vw, 1600px\" srcset=\"https:\/\/granit-world.pl\/wp-content\/uploads\/2019\/01\/kostka-ukladanie.jpg 1600w, https:\/\/granit-world.pl\/wp-content\/uploads\/2019\/01\/kostka-ukladanie-300x225.jpg 300w, https:\/\/granit-world.pl\/wp-content\/uploads\/2019\/01\/kostka-ukladanie-1024x768.jpg 1024w, https:\/\/granit-world.pl\/wp-content\/uploads\/2019\/01\/kostka-ukladanie-768x576.jpg 768w, https:\/\/granit-world.pl\/wp-content\/uploads\/2019\/01\/kostka-ukladanie-1536x1152.jpg 1536w, https:\/\/granit-world.pl\/wp-content\/uploads\/2019\/01\/kostka-ukladanie-600x450.jpg 600w\" alt=\"kostka granitowa\" width=\"1600\" height=\"1200\" \/> <\/a><\/p>\n<p><a href=\"https:\/\/granit-world.pl\/index.php\/2024\/03\/\"><br \/>\n21 marca, 2024 <\/a><\/p>\n<h4><a title=\"Zalety kostki granitowej\" href=\"https:\/\/granit-world.pl\/index.php\/2024\/03\/21\/kostka-granitowa-zalety-2\/\"><br \/>\nZalety kostki granitowej <\/a><\/h4>\n<p><a href=\"https:\/\/granit-world.pl\/index.php\/2024\/03\/21\/kostka-granitowa-zalety-2\/\" target=\"_self\" rel=\"noopener\"> Read More <\/a><\/li>\n<li><a title=\"Ile kruszywa potrzebuj\u0119?\" href=\"https:\/\/granit-world.pl\/index.php\/2024\/03\/27\/kruszywo-zapotrzebowanie\/\"><br \/>\n<img loading=\"lazy\" decoding=\"async\" src=\"https:\/\/granit-world.pl\/wp-content\/uploads\/2024\/03\/kruszywa.jpeg\" sizes=\"auto, (max-width: 640px) 100vw, 640px\" srcset=\"https:\/\/granit-world.pl\/wp-content\/uploads\/2024\/03\/kruszywa.jpeg 640w, https:\/\/granit-world.pl\/wp-content\/uploads\/2024\/03\/kruszywa-300x225.jpeg 300w, https:\/\/granit-world.pl\/wp-content\/uploads\/2024\/03\/kruszywa-600x450.jpeg 600w\" alt=\"kruszywo granitowe produkcja\" width=\"640\" height=\"480\" \/> <\/a><\/p>\n<p><a href=\"https:\/\/granit-world.pl\/index.php\/2024\/03\/\"><br \/>\n27 marca, 2024 <\/a><\/p>\n<h4><a title=\"Ile kruszywa potrzebuj\u0119?\" href=\"https:\/\/granit-world.pl\/index.php\/2024\/03\/27\/kruszywo-zapotrzebowanie\/\"><br \/>\nIle kruszywa potrzebuj\u0119? <\/a><\/h4>\n<p><a href=\"https:\/\/granit-world.pl\/index.php\/2024\/03\/27\/kruszywo-zapotrzebowanie\/\" target=\"_self\" rel=\"noopener\"> Read More <\/a><\/li>\n<\/ul>\n","protected":false},"excerpt":{"rendered":"<p>Nasze produkty 4&#215;6, 7&#215;9. 9&#215;11, 15&#215;17 cm Kostka granitowa \u0142upana i ci\u0119ta 15&#215;30 cm i inne Kraw\u0119\u017cniki granitowe 10x20x40, 20x20x40 cm Kamie\u0144 murowy \u0142upany i ci\u0119ty Pod wymiar i kolor Parapety i blaty granitowe Zapewniamy transport wed\u0142ug potrzeb TRANSPORT Oferujemy kompleksowy transport element\u00f3w granitowych. Nasz towar zazwyczaj spakowany jest na paletach lub w workach typu&#8230;<\/p>\n","protected":false},"author":8,"featured_media":0,"parent":0,"menu_order":0,"comment_status":"closed","ping_status":"closed","template":"","meta":{"_acf_changed":false,"_kad_post_transparent":"","_kad_post_title":"","_kad_post_layout":"","_kad_post_sidebar_id":"","_kad_post_content_style":"","_kad_post_vertical_padding":"","_kad_post_feature":"","_kad_post_feature_position":"","_kad_post_header":false,"_kad_post_footer":false,"footnotes":""},"class_list":["post-25","page","type-page","status-publish","hentry"],"acf":[],"_links":{"self":[{"href":"https:\/\/granit-world.pl\/index.php\/wp-json\/wp\/v2\/pages\/25","targetHints":{"allow":["GET"]}}],"collection":[{"href":"https:\/\/granit-world.pl\/index.php\/wp-json\/wp\/v2\/pages"}],"about":[{"href":"https:\/\/granit-world.pl\/index.php\/wp-json\/wp\/v2\/types\/page"}],"author":[{"embeddable":true,"href":"https:\/\/granit-world.pl\/index.php\/wp-json\/wp\/v2\/users\/8"}],"replies":[{"embeddable":true,"href":"https:\/\/granit-world.pl\/index.php\/wp-json\/wp\/v2\/comments?post=25"}],"version-history":[{"count":22,"href":"https:\/\/granit-world.pl\/index.php\/wp-json\/wp\/v2\/pages\/25\/revisions"}],"predecessor-version":[{"id":12197,"href":"https:\/\/granit-world.pl\/index.php\/wp-json\/wp\/v2\/pages\/25\/revisions\/12197"}],"wp:attachment":[{"href":"https:\/\/granit-world.pl\/index.php\/wp-json\/wp\/v2\/media?parent=25"}],"curies":[{"name":"wp","href":"https:\/\/api.w.org\/{rel}","templated":true}]}}