{"id":10233,"date":"2024-04-06T17:40:12","date_gmt":"2024-04-06T17:40:12","guid":{"rendered":"https:\/\/granit-world.pl\/?page_id=10233"},"modified":"2025-08-12T15:28:19","modified_gmt":"2025-08-12T15:28:19","slug":"blaty-granitowe","status":"publish","type":"page","link":"https:\/\/granit-world.pl\/index.php\/blaty-granitowe\/","title":{"rendered":"Blaty granitowe"},"content":{"rendered":"<div class=\"main-image\"><img decoding=\"async\" src=\"https:\/\/granit-world.pl\/wp-content\/uploads\/2024\/04\/kuchnie.jpeg\" alt=\"blaty granitowe strzegom\" \/><\/div>\n<div class=\"product-description\">\n<h2>Blaty granitowe<\/h2>\n<h2>Blaty marmurowe<\/h2>\n<h5>Nasz zak\u0142ad specjalizuje si\u0119 w produkcji blat\u00f3w kuchennych i \u0142azienkowych, kt\u00f3re \u0142\u0105cz\u0105 elegancj\u0119, trwa\u0142o\u015b\u0107 oraz dopasowanie do indywidualnych potrzeb klient\u00f3w. Oto, co oferujemy:<\/h5>\n<p><strong>Blaty granitowe na wymiar<\/strong>: Dysponujemy zaawansowanymi maszynami oraz do\u015bwiadczeniem, dzi\u0119ki kt\u00f3rym precyzyjnie wycinamy blaty granitowe na wymiar. Niezale\u017cnie od kszta\u0142tu i rozmiaru, nasz zesp\u00f3\u0142 gwarantuje idealne dopasowanie do wymaga\u0144 klienta.<\/p>\n<p><strong>Wyci\u0119cia na otwory<\/strong>: Wycinamy precyzyjne otwory na zlewozmywak, kuchenk\u0119 oraz bateri\u0119. Bez wzgl\u0119du na to, czy klient ma zlewozmywak podwieszany, czy tradycyjny, wykonujemy wyci\u0119cia z najwy\u017csz\u0105 staranno\u015bci\u0105 i dok\u0142adno\u015bci\u0105.<\/p>\n<p><strong>Wykonanie wed\u0142ug projektu klienta<\/strong>: Jeste\u015bmy elastyczni i otwarci na indywidualne pomys\u0142y klient\u00f3w, dlatego realizujemy zam\u00f3wienia zgodnie z ich projektami. W ten spos\u00f3b ka\u017cdy blat granitowy spe\u0142nia wymagania i preferencje naszych klient\u00f3w.<\/p>\n<p><strong>Transport<\/strong>: Zapewniamy tak\u017ce us\u0142ug\u0119 transportu, kt\u00f3ra gwarantuje wygod\u0119 oraz spok\u00f3j podczas dostawy. Nasz zesp\u00f3\u0142 dostarcza produkty na miejsce w spos\u00f3b bezpieczny i terminowy.<\/p>\n<\/div>\n<div><\/div>\n<div class=\"product-section\">\n<div class=\"product-item\">\n<h3 class=\"product-title\">Granit Strzegomski<\/h3>\n<p>Granit Strzegomski to jeden z najbardziej cenionych i popularnych rodzaj\u00f3w granitu w Polsce i Europie. Posiada zazwyczaj dobrze widoczn\u0105 tekstur\u0119 ziarnist\u0105, co nadaje mu charakterystyczny wygl\u0105d.<\/p>\n<p><strong class=\"product-label\">Grubo\u015b\u0107:<\/strong> dowolna<br \/>\n<strong class=\"product-label\">Pochodzenie:<\/strong> Polska, Strzegom<\/p>\n<p><img decoding=\"async\" src=\"https:\/\/granit-world.pl\/wp-content\/uploads\/2024\/04\/strzegom1.jpg\" alt=\"kuchnia granit\" \/><\/p>\n<\/div>\n<div class=\"product-item\">\n<h3 class=\"product-title\">Granit Antracyt<\/h3>\n<p>Granit Padang Dark charakteryzuje si\u0119 g\u0142\u0119bokim, ciemnym kolorem. Jest to zazwyczaj g\u0142\u0119boki odcie\u0144 szaro\u015bci lub czerni, czasem z lekkimi ziarnistymi wzorami w kolorze szarym lub bia\u0142ym.<\/p>\n<p><strong class=\"product-label\">Grubo\u015b\u0107:<\/strong> 2 lub 3 cm<br \/>\n<strong class=\"product-label\">Pochodzenie:<\/strong> Indonezja<\/p>\n<p><img decoding=\"async\" src=\"https:\/\/granit-world.pl\/wp-content\/uploads\/2024\/04\/antracyt3.jpg\" alt=\"marmur kuchenny\" \/><\/p>\n<\/div>\n<div class=\"product-item\">\n<h3 class=\"product-title\">Granit Multicolor<\/h3>\n<p>&#8222;Multicolor Red&#8221; odzwierciedla r\u00f3\u017cnorodno\u015b\u0107 kolor\u00f3w tego granitu. Charakteryzuje si\u0119 g\u0142\u00f3wnie czerwonym lub bordowym kolorem, ale mo\u017ce zawiera\u0107 tak\u017ce r\u00f3\u017cne odcienie r\u00f3\u017cu, br\u0105zu, pomara\u0144czy, oraz czerni.<\/p>\n<p><strong class=\"product-label\">Grubo\u015b\u0107:<\/strong> 3 cm<br \/>\n<strong class=\"product-label\">Pochodzenie:<\/strong> Indie<\/p>\n<p><img decoding=\"async\" src=\"https:\/\/granit-world.pl\/wp-content\/uploads\/2024\/04\/multicolor1-1.jpg\" alt=\"granit multicolor\" \/><\/p>\n<\/div>\n<div class=\"product-item\">\n<h3 class=\"product-title\">Granit Impala<\/h3>\n<p>Granit Impala charakteryzuje si\u0119 g\u0142\u0119bokim, ciemnym kolorem, zazwyczaj przypominaj\u0105cym czarny lub bardzo ciemny szary. Mo\u017ce zawiera\u0107 r\u00f3wnie\u017c subtelne refleksy i wzory, kt\u00f3re nadaj\u0105 mu elegancki wygl\u0105d.<\/p>\n<p><strong class=\"product-label\">Grubo\u015b\u0107:<\/strong> 2 lub 3 cm<br \/>\n<strong class=\"product-label\">Pochodzenie:<\/strong> RPA<\/p>\n<p><img decoding=\"async\" src=\"https:\/\/granit-world.pl\/wp-content\/uploads\/2024\/04\/impala1.jpg\" alt=\"blaty marmurowe\" \/><\/p>\n<p>Zobacz tak\u017ce na nasze uko\u0144czone: <a href=\"https:\/\/granit-world.pl\/index.php\/portfolio\/realizacje\/\">REALIZACJE<\/a><\/p>\n<\/div>\n<div class=\"product-item\">\n<h3 class=\"product-title\">Granit Yellow Rock<\/h3>\n<p>Granit Yellow Rock charakteryzuje si\u0119 g\u0142\u00f3wnie odcieniami \u017c\u00f3\u0142ci, z\u0142ota i br\u0105zu. Mo\u017ce zawiera\u0107 r\u00f3\u017cnorodne wzory, inkluzje minera\u0142\u00f3w oraz subtelne \u017cy\u0142ki, co nadaje mu charakterystyczny, ciep\u0142y wygl\u0105d.<\/p>\n<p><strong class=\"product-label\">Grubo\u015b\u0107:<\/strong> 2 lub 3 cm<br \/>\n<strong class=\"product-label\">Pochodzenie:<\/strong> Po\u0142udniowe Chiny<\/p>\n<p><img decoding=\"async\" src=\"https:\/\/granit-world.pl\/wp-content\/uploads\/2024\/04\/yellow1.jpg\" alt=\"blaty granitowe kremowe\" \/><\/p>\n<\/div>\n<div class=\"product-item\">\n<h3 class=\"product-title\">Granit Bengal Black<\/h3>\n<p>Granit Bengal Black charakteryzuje si\u0119 g\u0142\u0119bokim, ciemnym kolorem, zwykle czarnym lub bardzo ciemnym szarym. Mo\u017ce zawiera\u0107 subtelne refleksy i wzory, kt\u00f3re dodaj\u0105 mu g\u0142\u0119bi i elegancji.<\/p>\n<p><strong class=\"product-label\">Grubo\u015b\u0107:<\/strong> 3 cm<br \/>\n<strong class=\"product-label\">Pochodzenie:<\/strong> Indie<\/p>\n<p><img decoding=\"async\" src=\"https:\/\/granit-world.pl\/wp-content\/uploads\/2024\/04\/bengal1.jpg\" alt=\"czarny granit\" \/><br \/>\nWi\u0119cej w\u0142a\u015bciwo\u015bci oraz zalet stosowania takich blat\u00f3w znajd\u0105 Pa\u0144stwo na portalu bran\u017cowym<br \/>\n<a href=\"https:\/\/www.kuchenny.com.pl\" target=\"_blank\" rel=\"noopener\">KUCHENNY<\/a><\/p>\n<\/div>\n<\/div>\n","protected":false},"excerpt":{"rendered":"<p>Blaty granitowe Blaty marmurowe Nasz zak\u0142ad specjalizuje si\u0119 w produkcji blat\u00f3w kuchennych i \u0142azienkowych, kt\u00f3re \u0142\u0105cz\u0105 elegancj\u0119, trwa\u0142o\u015b\u0107 oraz dopasowanie do indywidualnych potrzeb klient\u00f3w. Oto, co oferujemy: Blaty granitowe na wymiar: Dysponujemy zaawansowanymi maszynami oraz do\u015bwiadczeniem, dzi\u0119ki kt\u00f3rym precyzyjnie wycinamy blaty granitowe na wymiar. Niezale\u017cnie od kszta\u0142tu i rozmiaru, nasz zesp\u00f3\u0142 gwarantuje idealne dopasowanie do&#8230;<\/p>\n","protected":false},"author":8,"featured_media":0,"parent":0,"menu_order":0,"comment_status":"closed","ping_status":"closed","template":"","meta":{"_acf_changed":false,"_kad_post_transparent":"","_kad_post_title":"","_kad_post_layout":"","_kad_post_sidebar_id":"","_kad_post_content_style":"","_kad_post_vertical_padding":"","_kad_post_feature":"","_kad_post_feature_position":"","_kad_post_header":false,"_kad_post_footer":false,"footnotes":""},"class_list":["post-10233","page","type-page","status-publish","hentry"],"acf":[],"_links":{"self":[{"href":"https:\/\/granit-world.pl\/index.php\/wp-json\/wp\/v2\/pages\/10233","targetHints":{"allow":["GET"]}}],"collection":[{"href":"https:\/\/granit-world.pl\/index.php\/wp-json\/wp\/v2\/pages"}],"about":[{"href":"https:\/\/granit-world.pl\/index.php\/wp-json\/wp\/v2\/types\/page"}],"author":[{"embeddable":true,"href":"https:\/\/granit-world.pl\/index.php\/wp-json\/wp\/v2\/users\/8"}],"replies":[{"embeddable":true,"href":"https:\/\/granit-world.pl\/index.php\/wp-json\/wp\/v2\/comments?post=10233"}],"version-history":[{"count":17,"href":"https:\/\/granit-world.pl\/index.php\/wp-json\/wp\/v2\/pages\/10233\/revisions"}],"predecessor-version":[{"id":12247,"href":"https:\/\/granit-world.pl\/index.php\/wp-json\/wp\/v2\/pages\/10233\/revisions\/12247"}],"wp:attachment":[{"href":"https:\/\/granit-world.pl\/index.php\/wp-json\/wp\/v2\/media?parent=10233"}],"curies":[{"name":"wp","href":"https:\/\/api.w.org\/{rel}","templated":true}]}}